p) prime?
False
Suppose -30*y + 247 + 203 = 0. Is 532136/40 - 2*3/y a prime number?
False
Let l(p) = -p**3 - 31*p**2 + 62*p + 38. Let s be l(-35). Is (-11)/(-5 - s/(-554)) a prime number?
False
Suppose 0 = 3*w - 5*g + 82814 - 8097, -124499 = 5*w - g. Is ((-15)/12)/(7 + w/3556) a prime number?
False
Is -6*(-6)/(-4) + 120650 a composite number?
False
Is 501629/7 + (-22)/77 prime?
False
Let q = -37 - -35. Let j be -597 + -2 + (4 - q). Let a = 1270 + j. Is a a prime number?
True
Let y = -126217 - -212778. Is y a composite number?
False
Suppose -60*l - 136947 = -64*l + 3*b, -4*l - 2*b = -136922. Is l composite?
True
Suppose 4*t + 117 - 129 = 0. Suppose -3*z - 2*o = 3*o - 3176, -3*z + t*o + 3216 = 0. Is z a composite number?
True
Let g(j) = 78261*j + 2416. Is g(23) a prime number?
True
Let b(y) = 5*y + 122. Let m be b(-23). Let w(s) = -s**3 + 9*s**2 + 6*s + 5. Is w(m) prime?
False
Let x(k) be the third derivative of 7*k**5/5 - 7*k**4/8 - 13*k**3/3 - 125*k**2. Is x(-5) a composite number?
False
Suppose 378*f - 319*f - 1943047 = 0. Is f composite?
False
Let b(k) = -12*k + 2*k**3 + 0*k - 6*k**3 + 2*k + 9 + 10*k**2 + 0*k**3. Is b(-5) composite?
False
Let i be -4 + (-9)/3 + 12. Suppose -i*s = b + 4*b - 15, 5*b - 5 = 5*s. Is s/(-3) - (-7616)/24 a prime number?
True
Is 6/(-60) + 2840364/40 a composite number?
True
Let i be ((-310)/30)/(1/(-9)). Is 31/i*(-1 + 11590) a prime number?
True
Let w = -71992 + 130061. Is w a prime number?
False
Suppose 5*b - 4673 = a + 6439, a = -5*b + 11108. Let i = -1105 + b. Is i composite?
False
Let c be 6/15 - (-4 - 28/(-20)). Suppose -704 = c*y + 259. Let v = 94 - y. Is v composite?
True
Let z be (634 - -1)*12/5. Suppose -28 = -5*p - 2*q, 10*p - 15*p = -5*q. Suppose 824 = p*b - z. Is b a prime number?
True
Suppose -47*d + 1475449 + 4817428 = 0. Is d a prime number?
False
Let o be (1/4)/((-27)/(-324)). Suppose -383 = -o*n - 2*d, -3*n - 4*d + 384 = -d. Is n a composite number?
False
Let y = 582169 - -139632. Is y composite?
True
Let u be 23666 - (-1)/(-2*(-3)/18). Suppose u = 5*l - 5076. Is l a composite number?
False
Let f = 63625 - 34838. Is f composite?
True
Let i(j) = 28*j**2 - 11*j. Suppose -4*u - 23 = 3*r, -5*r = u + 7 + 20. Is i(r) a prime number?
False
Let b be (8/4)/(-2) + -2209. Let k = -3601 - b. Let m = -922 - k. Is m a prime number?
False
Suppose 2*c - 4*j = 137390, j + 38 - 37 = 0. Is c composite?
True
Let w be (26/(-14) + 1)*427 + 1. Let h = 2487 + w. Is h a prime number?
False
Let g(q) = -q**3 + 14*q**2 - 14*q + 8. Let w be g(13). Let b be 12209 + -1 - (-1 - (w - -7)). Suppose -4*p + 7337 = -p + 2*d, -5*p + d = -b. Is p composite?
True
Is 52/(-6)*3762129/(-434) composite?
True
Let z be ((-10381482)/39)/(-1) - (-14)/91. Suppose 13*i = 29*i - z. Is i a prime number?
False
Let y(x) = x**3 + 57*x**2 - 1910*x + 109. Is y(48) a composite number?
True
Let t(a) = -3*a**3 - 206*a**2 - 83*a - 85. Is t(-78) composite?
False
Is -15 + 757552/(11 - 7) composite?
True
Let o(t) = 709*t - 223. Is o(84) prime?
True
Let w be (30/4)/((-2)/12). Let z = w - -21. Is 634/8 - (-6)/z prime?
True
Suppose -5*h + 21127124 = 43*h + 20*h. Is h prime?
True
Let t be (-10)/(-35) + (-243)/(-7). Let p(l) = -14 - 2*l + 29*l - 3 + t*l. Is p(9) composite?
False
Let k(p) = -4196*p**3 + 8*p + 7. Suppose -9*l = l + 10. Is k(l) a composite number?
True
Let o(h) be the first derivative of 43*h**2/2 + 13*h - 274. Suppose -c + 0*c = -12. Is o(c) a prime number?
False
Let v(g) = g**3 + g - 1. Let x(i) = -9*i**3 + 2*i**2 + 11*i - 94. Let c(q) = -3*v(q) - x(q). Is c(7) a composite number?
True
Let s = 50 + -51. Let u be s + 1 - (-7196)/14. Suppose -z = z - u. Is z prime?
True
Suppose -3 = 2*w - 4*l - 13, 3*l = -3. Suppose -2*o - 10 = -w*n, n - 3*o = 4 - 3. Suppose n*j - 208 - 124 = 0. Is j a prime number?
True
Let c be (2/4*2)/(20/(-400)). Let q = c - -25. Suppose -f - q*o = f - 219, 3*f = -4*o + 346. Is f prime?
False
Let q(y) = 63*y**2 + 54*y - 202. Is q(57) prime?
True
Let u(h) = -h**3 + 50*h**2 - 72*h - 44. Is u(43) composite?
False
Let k = -3 - -3. Suppose -6*l - 14 - 4 = k. Let r(s) = 253*s**2 + 4*s + 2. Is r(l) prime?
True
Suppose b = 10*b - 31536. Let k = b - 2307. Suppose -3*h - 1853 = q - 5469, -h - 2*q = -k. Is h a prime number?
False
Let v be (-2 - -3) + 31*-768. Let a = -6516 - v. Is a a composite number?
False
Let x(m) = 2094*m - 494. Let u(j) = 523*j - 123. Let z(w) = 9*u(w) - 2*x(w). Is z(15) prime?
False
Let o(c) = 9*c - 115. Let f be 2 + -5 + 3 - -11*2. Is o(f) prime?
True
Let w = 4498 - 2576. Let q be 7380/28 - 32/56. Suppose 5*n - q = w. Is n a composite number?
True
Let h(a) be the first derivative of a**5/20 - 11*a**4/24 + 28*a**3/3 + 15. Let t(y) be the third derivative of h(y). Is t(8) composite?
False
Suppose -5*j = -3*t + 3148, t + 5*j - 1052 = 4*j. Let n = 1498 - t. Is n a prime number?
False
Let g(t) = 101*t + 10. Let u be g(8). Suppose 1350 + 2994 = -8*q. Let a = u - q. Is a a prime number?
True
Let g = 16670 + 9957. Is g a prime number?
True
Suppose 96 = 4*w + 456. Let r be (1/(-2))/((-7)/(-2506)). Let g = w - r. Is g prime?
True
Is 11/(605/30) - ((-4435270)/(-22))/(-7) composite?
True
Let c be -2 + -1 + (-4 - -4 - -13). Suppose -c + 10 = -4*v. Suppose -16 = 4*g, j - g + 217 - 1984 = v. Is j prime?
False
Let y(c) = 231*c**2 + c + 35. Let a be 9 + 6 + -9 + -14. Is y(a) prime?
False
Is (270038/(-8))/(((-36)/4)/36) a composite number?
False
Is 1/(14 - 8) + 91450/12 prime?
True
Is 12144790/(-7 - -17) - (1 - 5) composite?
False
Let o = -58705 + 465186. Is o composite?
False
Suppose 12 = 9*l - 5*l. Suppose -l*u + 12*u + 9351 = 0. Let i = u - -1802. Is i prime?
False
Suppose -55*i - 835910 = -2*a - 53*i, 3*i = -6. Is a a composite number?
False
Suppose -65*i - 18629041 = -165*i - 183*i. Is i composite?
False
Let f be 0 + 1 + 26/2. Let u be ((-560)/(-10))/(2/f). Suppose 0 = 5*d + u - 1657. Is d prime?
False
Suppose -156*l + 161*l = t - 3207684, 5*t + 2*l = 16038447. Is t a composite number?
False
Suppose -r + 7824 = r + 4*y, r + y = 3910. Let u = r - 2345. Is u a composite number?
True
Let i be (28/(-56))/(-1 - (-153)/156). Let j(v) = 5*v**2 + 48*v - 10. Is j(i) prime?
False
Let g = -1190 + 3653. Suppose 2*m - 6*n = -11*n + g, 3*n + 6080 = 5*m. Suppose 0*b - 5*l + m = 3*b, -3*l + 2053 = 5*b. Is b a prime number?
False
Suppose -4*y - 5*a = -821686, -a = -y + 152695 + 52722. Is y a prime number?
False
Suppose 4*f + 103 = -5*v - 67, -72 = 2*f - 4*v. Is f/(-5 + 15) + (-18299)/(-1) composite?
True
Suppose -4826558 = -14*f - 1009906. Suppose 10*u + f = 754068. Is u a prime number?
False
Let r(f) = -f - 4. Let k be r(-6). Suppose k*o + 2093 = -2849. Let d = o - -3586. Is d a prime number?
False
Suppose 0 = -3*q + 6*w + 5287191, -4*q + 1526163 + 5523437 = -5*w. Is q a composite number?
True
Let j be ((3 - 7) + 6)*2/(-4). Let f be j + (-16)/2 + 4. Is (2 - -380)*f/(-2) a composite number?
True
Let x = 153810 + 6167. Is x a prime number?
True
Suppose 1981 + 91 = 4*d. Let t = d + 189. Suppose 5*w - t = -2*h, -4*h + 1389 = 2*w + 3*w. Is h a prime number?
False
Suppose -7*u + 1486 = -21362. Suppose -2*y + 2304 = 2*k - u, 5*y - 5*k = 13880. Suppose -y = -2*j - o, 0 = -j + 2*o + o + 1383. Is j composite?
True
Suppose 3*a - 2*s - 85281 = 0, -3*a - 553*s + 85302 = -548*s. Is a a composite number?
False
Is 3/(10605510/883790 - 12) composite?
False
Let g be 9/3 + -15 + 2. Let a(p) = 25*p - 3. Let q be a(g). Let r = q + 599. Is r prime?
False
Suppose 0 = 11*p + 6 - 17. Let f(u) = 5410*u**2 + 3*u. Is f(p) prime?
True
Is 810538584/1886 + 10/205 prime?
False
Let g be 220/14 + 4/14. Let u(d) = d**3 + 10*d**2 + d - 115. Let t be u(-5). Is 38446/g - t/(-40) - -4 a composite number?
True
Let w(f) = 7*f + 11. Let q be w(-3). Is (-6)/q + (-3948094)/(-485) prime?
False
Let m = -45 + 50. Suppose -4*l - 6 = -3*h, -m*l - 11 + 1 = -5*h. Suppose -5*z + h*z = 3*c - 648, -4*z + 4*c + 856 = 0. Is z a composite number?
True
Suppose -2*w + 7 = -2*o + 15, 0 = 4*o + w - 21. Suppose -49*y + 48*y + 4*x + 16139 = 0, o*x = -5*y + 80620. Is y a prime number?
True
Let k = -47 + 44. Is k/(12/(-14788)) + 0 composite?
False
Let a(f) be the second derivative of 649*f**3/6 - 100*f**2 - 18*f + 5. Is a(22) prime?
False
Let z be (-1)/(-3) - -2137*(-20)/15. Let i = -2625 - -1035. Let g = i